in base 7?
-2
4 (base 9) to base 13
4
-23 (base 4) to base 14
-b
Convert 2 (base 14) to base 7.
2
Convert -10 (base 2) to base 5.
-2
Convert 14 (base 15) to base 6.
31
Convert 111100 (base 2) to base 7.
114
What is -27 (base 16) in base 13?
-30
-4 (base 8) to base 10
-4
What is a (base 14) in base 9?
11
Convert -18d (base 14) to base 2.
-101000001
What is 0 (base 9) in base 2?
0
Convert -102 (base 5) to base 15.
-1c
Convert -9 (base 13) to base 8.
-11
Convert 140 (base 12) to base 8.
300
What is -2 (base 4) in base 3?
-2
-18 (base 9) to base 7
-23
-4 (base 11) to base 8
-4
What is 12a (base 13) in base 12?
151
Convert -44 (base 5) to base 2.
-11000
-8b (base 12) to base 8
-153
What is 10 (base 15) in base 4?
33
26 (base 7) to base 5
40
What is 30 (base 4) in base 9?
13
Convert -463 (base 7) to base 6.
-1041
What is 0 (base 9) in base 14?
0
-2 (base 6) to base 3
-2
Convert -11 (base 8) to base 12.
-9
Convert 31 (base 6) to base 15.
14
a (base 12) to base 13
a
What is -1001 (base 2) in base 13?
-9
What is 5 (base 16) in base 14?
5
What is -16 (base 12) in base 8?
-22
Convert -1205 (base 6) to base 15.
-148
What is 125 (base 6) in base 9?
58
22 (base 3) to base 15
8
What is 2 (base 15) in base 6?
2
Convert -4 (base 10) to base 11.
-4
7 (base 8) to base 16
7
2 (base 10) to base 8
2
Convert 475 (base 8) to base 12.
225
9 (base 15) to base 14
9
What is -1c (base 13) in base 5?
-100
Convert 1 (base 11) to base 12.
1
-a2 (base 12) to base 4
-1322
-143 (base 15) to base 6
-1200
Convert -b0 (base 12) to base 11.
-110
What is 262 (base 9) in base 5?
1333
What is 10 (base 11) in base 7?
14
Convert 18 (base 16) to base 3.
220
Convert 112 (base 3) to base 8.
16
What is 132 (base 14) in base 5?
1430
2002 (base 3) to base 10
56
Convert 20 (base 5) to base 8.
12
Convert -1001101 (base 2) to base 10.
-77
11 (base 3) to base 2
100
What is -2c (base 16) in base 5?
-134
Convert 62 (base 7) to base 4.
230
What is -26 (base 7) in base 6?
-32
Convert -103 (base 7) to base 6.
-124
What is -35 (base 11) in base 5?
-123
What is -100001111 (base 2) in base 7?
-535
What is -39 (base 12) in base 8?
-55
4 (base 11) to base 4
10
What is e (base 16) in base 15?
e
-19 (base 11) to base 6
-32
Convert -2 (base 12) to base 10.
-2
What is 0 (base 4) in base 6?
0
-134 (base 11) to base 7
-314
220 (base 5) to base 10
60
What is -20 (base 3) in base 14?
-6
1 (base 3) to base 11
1
Convert 101010 (base 2) to base 12.
36
What is -166 (base 8) in base 15?
-7d
Convert -10 (base 2) to base 14.
-2
Convert -5 (base 14) to base 9.
-5
Convert 32 (base 4) to base 15.
e
100 (base 6) to base 11
33
-100 (base 2) to base 12
-4
Convert 0 (base 14) to base 8.
0
Convert -10 (base 5) to base 7.
-5
50 (base 6) to base 16
1e
1 (base 3) to base 8
1
What is -1 (base 8) in base 12?
-1
11 (base 8) to base 15
9
3 (base 9) to base 12
3
What is 3 (base 4) in base 6?
3
-d (base 16) to base 10
-13
7c (base 16) to base 10
124
What is 14 (base 6) in base 13?
a
What is 3 (base 16) in base 15?
3
What is c1 (base 14) in base 3?
20021
15 (base 6) to base 11
10
21 (base 5) to base 12
b
123 (base 6) to base 5
201
Convert -4 (base 7) to base 14.
-4
Convert -110 (base 5) to base 16.
-1e
Convert -15 (base 13) to base 15.
-13
Convert 2 (base 9) to base 2.
10
What is -1 (base 13) in base 4?
-1
What is 2 (base 16) in base 4?
2
Convert -1003 (base 6) to base 12.
-163
0 (base 5) to base 16
0
Convert 3 (base 11) to base 10.
3
102 (base 6) to base 12
32
Convert -5 (base 14) to base 9.
-5
Convert 2443 (base 5) to base 8.
565
-4 (base 13) to base 8
-4
Convert 8 (base 11) to base 9.
8
What is 6 (base 7) in base 13?
6
c4 (base 16) to base 15
d1
What is -15 (base 14) in base 9?
-21
15 (base 8) to base 11
12
What is 20 (base 6) in base 4?
30
-7 (base 8) to base 9
-7
What is -22 (base 4) in base 7?
-13
What is 20 (base 11) in base 8?
26
What is 20 (base 3) in base 10?
6
-43 (base 10) to base 3
-1121
-211 (base 4) to base 16
-25
-2 (base 16) to base 12
-2
-2000 (base 3) to base 16
-36
Convert 2 (base 14) to base 9.
2
-1 (base 14) to base 4
-1
What is 1 (base 15) in base 2?
1
-11011 (base 2) to base 5
-102
4 (base 7) to base 4
10
12210 (base 3) to base 12
110
1 (base 12) to base 16
1
-50 (base 14) to base 11
-64
Convert -4 (base 6) to base 7.
-4
10 (base 5) to base 2
101
-4 (base 7) to base 8
-4
-31 (base 14) to base 11
-3a
Convert 14 (base 13) to base 2.
10001
1002 (base 3) to base 15
1e
-23 (base 11) to base 14
-1b
What is 40 (base 10) in base 5?
130
-5 (base 6) to base 3
-12
Convert 80 (base 10) to base 14.
5a
Convert a (base 12) to base 7.
13
-10 (base 10) to base 5
-20
Convert -1302 (base 5) to base 15.
-d7
3 (base 5) to base 13
3
7 (base 15) to base 4
13
What is -6 (base 9) in base 2?
-110
What is -2 (base 16) in base 13?
-2
Convert 0 (base 11) to base 2.
0
42 (base 12) to base 16
32
12 (base 9) to base 14
b
0 (base 3) to base 11
0
What is -a (base 11) in base 15?
-a
Convert 50 (base 16) to base 11.
73
Convert 3 (base 14) to base 6.
3
Convert -21 (base 7) to base 3.
-120
What is 50 (base 6) in base 5?
110
14c (base 13) to base 5
1413
-62 (base 14) to base 9
-105
What is 6 (base 13) in base 16?
6
-1 (base 6) to base 11
-1
What is 13 (base 16) in base 11?
18
-31 (base 5) to base 6
-24
Convert 5b (base 12) to base 2.
1000111
85 (base 12) to base 13
7a
What is -11 (base 7) in base 9?
-8
-24 (base 6) to base 8
-20
333 (base 4) to base 6
143
What is -1110 (base 2) in base 15?
-e
What is -2103 (base 4) in base 9?
-173
What is 0 (base 12) in base 9?
0
Convert 201 (base 3) to base 9.
21
What is -2 (base 14) in base 4?
-2
Convert 2 (base 5) to base 15.
2
Convert 1a (base 13) to base 11.
21
Convert 10 (base 2) to base 4.
2
What is 10 (base 8) in base 4?
20
Convert 1c (base 16) to base 3.
1001
Convert -1 (base 2) to base 16.
-1
60 (base 11) to base 9
73
What is -413 (base 6) in base 10?
-153
101222 (base 3) to base 12
208
What is -6 (base 14) in base 9?
-6
-3 (base 5) to base 11
-3
Convert -1001 (base 2) to base 8.
-11
What is -12 (base 14) in base 3?
-121
Convert 6 (base 11) to base 5.
11
Convert -2 (base 6) to base 10.
-2
Convert -1311 (base 6) to base 14.
-199
Convert 1 (base 6) to base 5.
1
What is 1030 (base 4) in base 16?
4c
What is -442 (base 6) in base 7?
-332
-4a (base 11) to base 9
-60
What is -12 (base 14) in base 6?
-24
What is -4 (base 12) in base 5?
-4
Convert -260 (base 8) to base 13.
-107
9 (base 13) to base 14
9
What is 1 (base 4) in base 8?
1
Convert -156 (base 7) to base 3.
-10100
Convert -1 (base 5) to base 12.
-1
1 (base 3) to base 12
1
2 (base 6) to base 7
2
24 (base 15) to base 14
26
Convert 110 (base 2) to base 14.
6
Convert -4 (base 8) to base 13.
-4
Convert a8 (base 15) to base 16.
9e
What is 38 (base 13) in base 15?
32
c (base 15) to base 11
11
What is -20 (base 8) in base 5?
-31
Convert 6 (base 14) to base 9.
6
What is 25 (base 13) in base 6?
51
Convert 220 (base 3) to base 6.
40
Convert -b (base 13) to base 12.
-b
What is 12121 (base 3) in base 14?
ab
What is -10102 (base 3) in base 10?
-92
What is 1 (base 13) in base 3?
1
Convert -4 (base 13) to base 14.
-4
Convert 7c (base 15) to base 3.
11100
What is 2 (base 6) in base 3?
2
What is -7 (base 8) in base 12?
-7
What is 30 (base 10) in base 4?
132
-46 (base 11) to base 6
-122
242 (base 6) to base 15
68
-1 (base 7) to base 10
-1
What is 58 (base 14) in base 11?
71
Convert 5 (base 6) to base 4.
11
Convert 66 (base 15) to base 16.
60
-66 (base 8) to base 2
-110110
Convert 0 (base 13) to base 11.
0
-3 (base 13) to base 10
-3
What is 7 (base 8) in base 13?
7
Convert 5a (base 15) to base 2.
1010101
Convert -1 (base 6) to base 10.
-1
Convert -205 (base 7) to base 12.
-87
3 (base 7) to base 16
3
14 (base 16) to base 5
40
3 (base 5) to base 4
3
What is -8 (base 10) in base 13?
-8
What is -54 (base 13) in base 11?
-63
20 (base 10) to base 8
24
What is -2 (base 16) in base 6?
-2
-14 (base 11) to base 15
-10
Convert -122 (base 4) to base 13.
-20
2 (base 5) to base 9
2
Convert 2 (base 4) to base 3.
2
Convert 410 (base 5) to base 14.
77
58 (base 16) to base 8
130
-13 (base 10) to base 3
-111
-10101001 (base 2) to base 4
-2221
What is -5 (base 15) in base 4?
-11
Convert -62 (base 8) to base 7.
-101
11 (base 6) to base 2
111
Convert 12 (base 8) to base 5.
20
-116 (base 11) to ba